-4
Let r(v) = 3*v**3 + 7 - 2*v + 8*v + 6*v**2 - 2*v**3. Let j(h) = h**3 + 3*h**2 + 2. Let b be j(-3). Suppose -3*y - 7 + 3 = 2*g, -5*y = b*g. Give r(g).
2
Let d be 5/(2 + 0 - 3). Let o = -4 - -6. Let g(h) = -o*h + 7*h**2 - 8*h**2 + 2 - 2*h. Determine g(d).
-3
Let d be 3/1 + (-8)/4. Let b(m) = -2*m + 4*m - d - 2 + 1. Give b(3).
4
Let x(z) = -3 + 2 + z**3 - 3*z**2 + 4 + z. Suppose 4 = h + 2*h + t, 0 = -4*h - 2*t + 2. Give x(h).
6
Let s(o) = -o**3 - 5*o**2 - 5*o - 3. Let v be s(-4). Let d(j) be the first derivative of -3/2*j**2 + v + 1/3*j**3 - j. Give d(2).
-3
Let o(t) be the third derivative of t**6/720 + t**5/15 - t**4/12 + t**2. Let y(x) be the second derivative of o(x). Calculate y(-6).
2
Let o(l) = 2*l - l**3 + l**2 + 0*l**2 - l. Suppose -4*u + 5*p - 14 = 5, -4*u = 3*p + 27. Let t be 0 + 0 - u/3. Calculate o(t).
-2
Let p(y) = -y**3 - 5*y**2 + 3*y + 6. Suppose 2*n - 9 = -11. Let t be (-1)/(-1)*(-6 - n). Calculate p(t).
-9
Let c(p) = -2*p + p + 5*p - 2 + p**3 - 8*p**2 + 3*p. What is c(7)?
-2
Let h(c) = c**3 + c**2 + c. Let v be (-4)/(-16)*-6*4/3. What is h(v)?
-6
Let i(o) = 3*o**2 + 6*o - 4. Let k(a) = -4*a**2 - 7*a + 5. Let v(q) = 3*i(q) + 2*k(q). Calculate v(-4).
-2
Let t = -6 - -8. Let m(w) = -2*w**3 + 0 + 7*w + 1 - 2*w + 4*w**t - 8*w. Determine m(2).
-5
Let g(d) be the third derivative of -d**4/12 + d**3/6 + 25*d**2. Calculate g(-4).
9
Let y(j) = -j**2 + 10*j + 3. Let u(q) = -2*q**2 + 19*q + 5. Let h(b) = 3*u(b) - 5*y(b). Determine h(5).
10
Let n(u) be the third derivative of u**4/12 - 2*u**3/3 - 2*u**2 - 3*u. Suppose 0*d + 36 = 4*d + 4*q, -28 = -4*d - 2*q. Calculate n(d).
6
Let v(s) = -4*s**3 - 5*s**2 + 2*s + 3. Suppose -b - 5 = 5*r, 0 = -0*b + b - 4*r + 5. Let p(w) = -3*w + 3*w + w**3 - 1. Let a(i) = b*p(i) - v(i). Calculate a(5).
-8
Let q(z) be the second derivative of z**3/2 - 3*z**2/2 + 37*z. What is q(3)?
6
Let l(f) = 29*f**3 - 2*f + 1. Let z = 28 - 27. What is l(z)?
28
Let z(j) = -j**2 + 7*j - 6. Let v be 54/10 - 22/55. Calculate z(v).
4
Let g(c) = 2*c - 6. Let p(o) = -50 + 0*o + 48 + 2*o. Suppose 5*i - 15 = -0*i. Let y be p(i). Determine g(y).
2
Let g(l) = -l. Let s be g(0). Let d(c) be the first derivative of 1/2*c**2 - 1 + 5*c. Give d(s).
5
Let z(t) = -t**2 - 5*t - 5. Let d be 0 + -3*28/(-6). Let q = 8 - d. What is z(q)?
-11
Let y(s) = -s**2 + 4*s - 6. Let z = 14 + 6. Let k be (7 + -1)*z/30. What is y(k)?
-6
Let x(v) = v**3 - 7*v**2 + 5*v + 5. Let z = -27 + 33. Determine x(z).
-1
Let w(f) = f**3 - 5*f**2 - f - 1. Suppose -b = -5*g - 0*b + 23, -3*g + 3 = 3*b. Suppose 20 = g*n - 0. What is w(n)?
-6
Let n(x) = x - 4. Let f be n(2). Let p(d) = 2*d - 11 + 11. Determine p(f).
-4
Let s(q) = -6*q**3 - q + 1. Let f = -5 - -6. Give s(f).
-6
Suppose 30 = -5*j + 3*s + 6, -j = -s + 6. Let o(i) = i**3 + 10*i**2 + 8*i - 7. Let y be o(-9). Let k(r) = -3 - 1 - r + y. Give k(j).
1
Let z(p) = 27 + 6*p**2 - 7*p**2 + 0*p**2 - 34 + 8*p. Determine z(6).
5
Let n = 0 + 3. Let x = -3 - -8. Let o(a) = -a**2 - x*a - n + 3 + 1 - 3. Give o(-4).
2
Let v(f) be the second derivative of f**4/3 - f**3/6 + 35*f. Give v(-2).
18
Let x(h) = 5*h**3 + h**2 - 2*h - 5. Let f(r) = 6*r**3 + 2*r**2 - 3*r - 6. Let m(t) = 3*f(t) - 4*x(t). Give m(2).
-8
Let a(o) = 6*o - 6. Let i(v) = 7*v - 5. Let j(u) = 6*a(u) - 5*i(u). What is j(6)?
-5
Let f(y) = -y**2 + 3*y + 3. Suppose -4*i + 3*v = -v - 36, -3*i + 23 = -2*v. Suppose 0 = i*q - 8*q + 12. Calculate f(q).
-1
Suppose -2*b - 15 = -7*b. Let c(r) = -3 - 1 + b*r - 3 - r**2 + 2*r**2. Determine c(-5).
3
Let z(q) = -3*q + 3*q + 5 + q**2 + 6*q. Suppose u + 32 = -7*u. Determine z(u).
-3
Let g(b) be the second derivative of -b**3/3 + 7*b**2/2 - 25*b. Determine g(6).
-5
Suppose 0*h - 3*h = -9. Let k(u) = 4*u**2 - u + 2. Let b(t) = -3*t**2 - 1. Let j(x) = h*b(x) + 2*k(x). Suppose 5*o = 3 + 7. Give j(o).
-7
Let n = 0 + -6. Let p be (2/4)/(3/n). Let i be ((-1)/3)/(p/(-9)). Let o(f) = f + 1. Calculate o(i).
-2
Suppose 0 = -3*h - 0*h + 9. Let j(s) = 4*s + 4 + s**h - 5*s - 2. Let o be 1/(-1) - (1 + -2). Calculate j(o).
2
Suppose 2*i + 22 = -l, 2*i - 4*l = -9*l - 38. Let y(t) = t**2 + 10*t + 12. Calculate y(i).
3
Let i be 3 + (0 + 0 - 15). Let l = i - -9. Let g be (-6)/(l - -2) - 1. Let y(n) = -n**2 + 3*n + 4. Determine y(g).
-6
Suppose 0 = -30*h + 28*h + 4. Let s(f) = -6*f. Calculate s(h).
-12
Let k(r) = r**3 + 7*r**2 + 9*r + 7. Let f be 4/8*2*-6. What is k(f)?
-11
Let d(u) = 3*u - 3. Let z(i) = -i - 1. Let t(c) = d(c) + 2*z(c). Let l = -8 - -15. Determine t(l).
2
Let n(s) = s**2 - 4*s - 7. Let a(c) = c**3 - 4*c**2 - 2*c - 5. Let i be a(4). Let w be (2/(-5))/((-11)/(-495)). Let m = i - w. What is n(m)?
-2
Let x(t) = -2*t - 25. Let a be x(-15). Let z(p) = 8*p**2 + 3*p + 3*p**3 - 4*p**3 - 6 - 3*p**2. Determine z(a).
9
Let u(t) = t**2 - 2*t + 1. Let a be u(1). Let b(n) be the third derivative of -n**4/24 - 5*n**3/6 - 15*n**2. Give b(a).
-5
Let w(a) = a**2 + 5*a - 4. Let g(k) = 5*k**2 - 2*k - 1. Let i be g(-1). Suppose -t = -0*t - 4*r - i, r = 4*t + 21. Determine w(t).
2
Let s(l) = -l**2 - l - 1. Let d(v) = 5*v**2 + 12*v + 6. Let f(i) = -d(i) - 4*s(i). Let k(c) = -c**2 - 8*c - 3. Let w(q) = 2*f(q) - 3*k(q). Determine w(-5).
-10
Let i(l) be the third derivative of l**4/12 + l**3/6 - 4*l**2. Let s be i(-3). Let c(n) = -2*n - 7. What is c(s)?
3
Let b = -11 + 9. Let l(g) be the second derivative of 0 + g**2 + 1/3*g**3 + g. Determine l(b).
-2
Let k(v) = -2*v**3 - 3*v**2 + v - 11. Let t(a) = a**3 + a**2. Let i(j) = -k(j) - 3*t(j). Let g(u) = 3 - 4 - 14*u**2 + 15*u**2. Let f be g(1). Give i(f).
11
Let r(c) = -1. Let k(t) = -2*t + 4. Let w(m) = k(m) + 6*r(m). Let o(i) = i + 6. Let l be o(-5). Suppose -4 = j + l. Determine w(j).
8
Let v(i) = 2*i - 4*i**2 - 10 + 6 - i + i**3. Give v(4).
0
Let x(l) = 7*l + 6. Let r(t) = -9*t - 7. Let i(m) = -4*r(m) - 5*x(m). What is i(2)?
0
Let q(f) be the first derivative of -f**2/2 - 5*f - 3. Calculate q(5).
-10
Let m(d) be the third derivative of -d**4/12 + d**3/2 - 22*d**2. What is m(3)?
-3
Let r(h) = 2*h**3 - 6*h**2 - h + 1. Let c(a) = -3*a**3 + 12*a**2 + a - 3. Let d(q) = 3*c(q) + 5*r(q). Determine d(-6).
8
Let a(j) be the third derivative of -j**6/360 + j**5/20 - j**4/24 - 7*j**3/6 - 4*j**2. Let y(p) be the first derivative of a(p). What is y(4)?
7
Let q(t) = -4*t**3 + 4 + t**2 - 4*t**3 - 2*t**2 + 3*t**3 - t. Let p(k) = -4*k**3 + 3. Let h(r) = 4*p(r) - 3*q(r). Determine h(4).
-4
Let g(d) = 2 - 12*d + 9*d - 6. What is g(-6)?
14
Let j(a) = -5*a + 2*a + 9 - 4*a + a**2. Let d be 22/(-3)*6/(-4). Let q = 17 - d. Give j(q).
3
Let z(r) = r**3 - 6*r**2 + r - 8. Let k(f) = 2*f - 6. Let m be k(6). Suppose 0*s + m = s. Give z(s).
-2
Let i(o) be the second derivative of -o**4/12 - 4*o**3/3 - 4*o**2 + 3*o. Give i(-7).
-1
Suppose -h - 5*q + 11 = 0, -5*h + 6 + 20 = -4*q. Let r(t) be the first derivative of -2*t**2 + 2 - h*t - 1/3*t**3. Determine r(-4).
-6
Let f(j) = j + 2. Let m(a) be the first derivative of a**3 + a**2/2 + a - 3. Let v be m(-1). Let q be f(v). Let p(u) = u**2 - 5*u - 4. What is p(q)?
-4
Let z(f) be the second derivative of f**3/6 + f**2/2 + 25*f. Calculate z(7).
8
Let y(w) be the first derivative of 0*w - 2/3*w**3 + w**2 - 2. Calculate y(2).
-4
Let u(a) be the second derivative of 3*a**4/4 - a**2/2 - 2*a. Let n(q) = q**2 - 5*q + 1. Let h be n(5). Give u(h).
8
Suppose -2*s + 4*k + 6 = 0, 2 = 4*s - 2*k + 14. Let h = -3 + 5. Let o(c) = -4*c**2 + 0*c**h - c**3 + 6 + 4*c - 3. Calculate o(s).
8
Let f(l) = -l**3 - 2*l**2 + l**2 - 2 + 2*l + 2*l**2. Suppose -8 - 1 = -3*d. Let j = d + -1. Calculate f(j).
-2
Let r(y) = y**3 + 3*y**2 + 4. Suppose 2*p + 4 = -2*o, -3*o - 5*p - 19 = -o. Let g be (-4)/((2 - o) + 2). Give r(g).
-12
Let g(u) be the second derivative of -u**3/6 + 15*u**2/2 - 18*u + 1. Give g(14).
1
Let a(n) = n + 2. Let t = -2 + -2. Let m be a(t). Let r be (0 - -1)*(-3 + m). Let f(h) = -h + 1. Determine f(r).
6
Suppose 4*j - 61 = -21. Let g(k) = k**3 - 10*k**2 - 4. Let q be g(j). Let d(w) = -w**3 - 4*w**2 + 2*w + 3. What is d(q)?
-5
Suppose -5*n = -3*k - 36, 10 + 18 = 4*n - 2*k. Let c(y) = -n - y**2 - 1 - 7*y + 9. Determine c(-5).
12
Let r = -12 - -16. Let w(v) = -v**2 + 5*v + 4. Calculate w(r).
8
Let r(z) = z**3 + 3*z - 1 + 0*z**2 + 0*z**2 + 4*z**2. Suppose 0 = -g + 6*g + 15. Determine r(g).
-1
Let t = -16 - -15. 